 5*d = -36. Calculate the greatest common divisor of o and 72.
8
Suppose -49*k + 1424 + 61 = -16*k. Calculate the highest common factor of k and 240.
15
Suppose 0 = -x + 1, -4*u + 2*x + 865 = 3*x. Suppose 0*c - 6*c = -u. What is the greatest common factor of c and 18?
18
Let h(d) = -2*d + 31*d**2 - 15*d**2 - 14*d**2 + 5 + d**3. Let a be h(-3). Calculate the highest common divisor of 58 and a.
2
Let l = 444 - 440. Suppose -h = -1, 7*h - 2*h - 93 = -l*c. Calculate the greatest common divisor of 44 and c.
22
Let h be ((-5775)/154)/((-6)/880). What is the highest common divisor of h and 44?
44
Let c(d) = -d**3 - 7*d**2 + 6*d + 7. Let i be c(-8). Suppose 17 + i = -5*b. Let y = 21 + b. What is the greatest common factor of 117 and y?
13
Let n = -5164 + 10348. What is the greatest common divisor of 64 and n?
64
Let m = -61 + 56. Let f(q) = -2*q**3 - 3*q**2 + 8*q + 9. Let g be f(m). Let p = 244 - 228. What is the highest common divisor of p and g?
16
Let g be 5/(2 + 1*(-15)/5). Let h be ((-6)/g)/((207/60)/23). What is the greatest common divisor of 24 and h?
8
Let j(n) = 27*n**3 - 2*n**2 + 29*n - 26. Let w be j(1). What is the highest common divisor of w and 4354?
14
Suppose b = -12 + 54. Let c = 1391 - 1300. Suppose 0 = -93*x + c*x + 140. What is the greatest common factor of b and x?
14
Suppose 0 = 2*y + 2*c - 620, 0 = -3*c + 17 - 14. Let w = -303 + y. Let m = -5 - -14. Calculate the greatest common divisor of w and m.
3
Let r be (32/(-6))/((-5)/120). Let d(y) = y**2 - 25*y - 884. Let p be d(-20). Calculate the highest common factor of r and p.
16
Let l = -17 - -22. Let u(i) = -2*i - 7. Let p be (-1)/((2/(-22))/(-1)). Let v be u(p). What is the greatest common factor of l and v?
5
Suppose 3*z + 7644 = 4*d, 722*d - 5*z = 724*d - 3796. What is the greatest common factor of d and 828?
36
Let o be (-1 - 3)/(2*19/(-988)). What is the highest common divisor of 504 and o?
8
Let d(o) = -122*o**3 - o**2 - 4*o - 4. Let p be (-14)/(-42)*-3*1. Let n be d(p). Suppose -3*i + 24 = -9. Calculate the greatest common factor of i and n.
11
Let v(q) be the second derivative of q**3/6 + 5*q**2 - 2*q. Let g be v(-1). Let f = 50 + 22. What is the highest common factor of f and g?
9
Let l be 93/2*(-11 - -21). Suppose -l = -511*u + 506*u. What is the highest common factor of 248 and u?
31
Let f(t) = 476*t**2 + 2*t - 1. Let b be f(1). Suppose 0 = 3*w - 147 - b. Suppose -23789*q + 23909*q = 1920. What is the greatest common factor of w and q?
16
Suppose 6*m - 176 = -2*m. Suppose 3*w - 17*n = -m*n + 196, 3*n - 60 = -w. Calculate the highest common divisor of 9 and w.
9
Let a = 170 + -270. Let l = -76 - a. What is the greatest common factor of 104 and l?
8
Let o(h) = 127*h**2 + 78*h + 198. Let b be o(-3). What is the greatest common factor of b and 82?
41
Suppose -2*i - 3*i + 405 = 0. Suppose 0 = -5*q - 4*p + 991, -4*q + p = -q - 598. Let t = q - 190. What is the greatest common divisor of t and i?
9
Let c(f) = 24*f**2 + 1. Let m be c(-1). Suppose 2*v = -q + 19, 4*v + m = 7*v - 2*q. What is the greatest common divisor of 9 and v?
9
Let k be (142/5)/((-4)/60)*(-1 - 0). What is the greatest common factor of 1775 and k?
71
Let c = 2542 - 2479. Calculate the greatest common divisor of c and 261.
9
Suppose 0 = -26*n + 21*n - 5*m + 1080, 4*n - 900 = 5*m. Let w = -84 + n. What is the highest common divisor of 102 and w?
34
Let h be (-18)/(-72) + 74/(-8). Let n be (-254)/h + 58/(-261). Calculate the highest common factor of n and 77.
7
Let j(c) = -c**3 - 11*c**2 - 20*c - 10. Let u(d) = -d**3 - d**2 - 5*d + 13. Let z be u(2). Let y be j(z). What is the greatest common divisor of 1 and y?
1
Let y(w) = -w**2 - 31*w + 60. Let b be y(-19). Let j = b + -80. What is the highest common divisor of 26 and j?
26
Let v = -15757 + 29165. Calculate the greatest common divisor of 32 and v.
32
Let d be 54/8*(-3784)/(-129). What is the highest common divisor of d and 126?
18
Suppose -62560 = 3*l - 29*l + 9*l. Calculate the greatest common factor of l and 10.
10
Suppose -19 = w - 339 - 395. Calculate the greatest common divisor of w and 312.
13
Let k(y) = -y**3 - 116*y**2 - 67*y - 7733. Let r be k(-116). Let c(g) = 9*g**2 - g + 1. Let f be c(5). What is the greatest common divisor of r and f?
13
Let m be 10/14 + (-4)/(-14). Suppose f + 1 = 0, 0*h = -4*h - 2*f - 758. Let t = h + 194. Calculate the highest common divisor of m and t.
1
Suppose 185*u - 199*u = -34706. Calculate the highest common divisor of u and 67.
67
Let f(g) = 2*g**2 + 25*g + 76. Let p be f(-8). Let k(w) = -2*w + 15. Let t be k(p). What is the greatest common factor of t and 497?
7
Let k(q) = 14*q**3 - 4*q**2 + q + 3. Let v be k(3). Let h = 11804 + -11775. What is the greatest common factor of v and h?
29
Let m = -284 + 332. Suppose -96*l - m = -102*l. What is the greatest common factor of 376 and l?
8
Suppose 4*z = -43*n + 44*n - 58, -2*n - 5*z = -25. Suppose -45 - 3 = -4*g. Calculate the highest common factor of g and n.
6
Let b = -17 + 65. Suppose 92*w = 86*w + 216. What is the highest common factor of b and w?
12
Let a(z) = -z**3 - 7*z**2 + 6*z + 77. Suppose -9*j + 67 - 121 = 0. Let l be a(j). What is the highest common divisor of l and 1?
1
Suppose y + 87 = p + 23, 256 = 4*p + 4*y. Let m = -3 - -35. Suppose -3*k + 3*h = -48, 2*k + 3*h - 8*h - m = 0. Calculate the greatest common factor of k and p.
16
Let f(k) = k**3 - 71*k**2 - 130*k - 2880. Let y be f(75). What is the highest common factor of y and 90?
30
Suppose -4*j - 13*q + 8*q = -58, 5*j - 2*q - 56 = 0. Let d(l) = j*l + 8*l + 27*l. Let g be d(3). Calculate the greatest common divisor of g and 47.
47
Suppose 5*v - 1675 = -5*g, 46*g - 43*g = 3*v - 993. Calculate the highest common factor of 108 and v.
9
Let u = 16860 - 16839. Calculate the greatest common divisor of 3759 and u.
21
Let k = -8367 - -8370. Calculate the highest common divisor of k and 384.
3
Suppose -2*b + 6 = -4*g, -4*b - 5*g + 24 = -7*g. Suppose -b*z - 2*w + 1208 = -3*z, -2*z + 588 = 5*w. Calculate the greatest common divisor of 16 and z.
16
Let b be (8/5)/((-204)/(-16830)). Calculate the highest common factor of 165 and b.
33
Suppose -145*m + 338*m - 180455 = 0. Calculate the greatest common divisor of m and 561.
187
Let p be 1/(-3) - 19/((-570)/2080). Let v = -53 + p. What is the highest common divisor of v and 2?
2
Let a(c) = 2*c + 15. Let k be a(-8). Let f be (70/k)/(19/(57/(-6))). What is the greatest common factor of f and 105?
35
Let g = -7154 - -7478. Calculate the greatest common divisor of g and 297.
27
Let f be (8/4*389/(-2))/1. Let h = -146 - f. What is the highest common divisor of 9 and h?
9
Suppose 2*p - 19 = 59. Let c be 4 + p + 2/2. Let y = 84 - c. Calculate the greatest common factor of 16 and y.
8
Let q(g) = 2*g + 1. Let m be q(2). Suppose -4*y + 4*v + 288 = 0, 4*y - m*v = 6*y - 179. Let b = 192 - 185. Calculate the greatest common divisor of y and b.
7
Let f(b) = b**3 + b**2 - 4*b + 116. Let x = 81 - 81. Let u be f(x). Suppose 9*i = 4*i - 15, 5*p = -2*i + 139. What is the highest common divisor of p and u?
29
Let q(y) = 3709*y**2 + 6*y - 18. Let v be q(-2). What is the highest common factor of 22 and v?
22
Let u(o) = 7*o**3 - 3*o**2 + 6*o - 50. Let w be u(4). Let g = -15 + 12. Let n(a) = -12*a - 2. Let t be n(g). What is the highest common factor of w and t?
34
Suppose -21*l = -19*l - 5*f - 180, -300 = -4*l - 5*f. Suppose 37*y - 45*y = -l. What is the greatest common factor of 25 and y?
5
Suppose 4*u - 81 - 11 = 0. Let t = u + -21. Suppose 3*z = -t*b + 304, -2*z = -4*b + 730 - 122. Calculate the greatest common divisor of b and 19.
19
Suppose 27*t - 16 = 26*t. Let s be 3/6 + 248/t. What is the highest common divisor of 2 and s?
2
Suppose -75*a + 9553 - 103 = 0. What is the greatest common divisor of a and 147?
21
Let v be 6/(-60) - 484/(-40). Let l be (-28 + -2)*78/(-15). What is the greatest common factor of l and v?
12
Suppose 389 = 2*x - 381. Let g = x - 322. What is the greatest common factor of g and 21?
21
Suppose 273 = 3*o - 4254. Suppose 3216 + o = 15*f. Calculate the highest common divisor of 9 and f.
9
Let q = -2704 - -8476. What is the highest common divisor of 312 and q?
156
Let n = -175 + 178. What is the highest common factor of n and 51?
3
Suppose 5*x - 214 = -5*a - 4, a + 